de 450?
True
Is 18090 a multiple of 67?
True
Is 4 a factor of 13?
False
Is 9828 a multiple of 117?
True
Does 8 divide 5288?
True
Is 1812 a multiple of 6?
True
Does 50 divide 700?
True
Is 891 a multiple of 99?
True
Does 15 divide 469?
False
Does 86 divide 860?
True
Does 21 divide 357?
True
Is 3 a factor of 915?
True
Is 4464 a multiple of 72?
True
Does 20 divide 2540?
True
Is 66 a factor of 1672?
False
Is 19539 a multiple of 93?
False
Is 78 a factor of 3120?
True
Is 84 a factor of 746?
False
Is 244 a multiple of 21?
False
Is 71020 a multiple of 75?
False
Is 48 a factor of 306?
False
Does 19 divide 332?
False
Is 33 a factor of 23892?
True
Is 15 a factor of 3030?
True
Does 13 divide 485?
False
Does 46 divide 921?
False
Does 49 divide 41674?
False
Is 170 a multiple of 17?
True
Does 4 divide 4525?
False
Is 45074 a multiple of 147?
False
Does 83 divide 22908?
True
Is 4127 a multiple of 76?
False
Does 17 divide 186423?
False
Does 98 divide 2058?
True
Is 15 a factor of 5689?
False
Is 483 a multiple of 69?
True
Does 16 divide 448?
True
Is 7371 a multiple of 81?
True
Is 10320 a multiple of 86?
True
Is 38733 a multiple of 103?
False
Is 116440 a multiple of 410?
True
Is 36 a multiple of 12?
True
Is 10 a factor of 2400?
True
Does 22 divide 30998?
True
Is 5293 a multiple of 79?
True
Is 5680 a multiple of 67?
False
Does 20 divide 180?
True
Does 4 divide 11439?
False
Is 91 a factor of 3185?
True
Is 432 a multiple of 27?
True
Is 8 a factor of 8422?
False
Is 2058 a multiple of 28?
False
Is 11 a factor of 80298?
False
Does 74 divide 1639?
False
Is 436 a multiple of 6?
False
Does 14 divide 1288?
True
Is 58 a factor of 8927?
False
Is 25 a factor of 2500?
True
Does 6 divide 18150?
True
Is 2 a factor of 4?
True
Does 84 divide 2268?
True
Is 270 a multiple of 15?
True
Is 16 a factor of 3880?
False
Does 8 divide 544?
True
Is 45 a factor of 4680?
True
Is 6380 a multiple of 220?
True
Does 58 divide 6322?
True
Is 15 a factor of 7125?
True
Is 540 a multiple of 7?
False
Is 106 a factor of 848?
True
Is 6 a factor of 78?
True
Is 5 a factor of 3125?
True
Is 16 a factor of 4878?
False
Is 555 a multiple of 111?
True
Is 4913 a multiple of 105?
False
Does 8 divide 80?
True
Is 5 a factor of 11905?
True
Is 92005 a multiple of 20?
False
Does 8 divide 2969?
False
Is 585 a multiple of 9?
True
Is 100 a multiple of 20?
True
Is 44 a factor of 322?
False
Does 12 divide 349?
False
Is 10 a factor of 1840?
True
Is 5083 a multiple of 192?
False
Is 6993 a multiple of 111?
True
Is 3 a factor of 841?
False
Is 18 a factor of 2862?
True
Is 11 a factor of 419?
False
Does 12 divide 13157?
False
Is 156 a multiple of 6?
True
Is 46 a factor of 69706?
False
Is 47 a factor of 2867?
True
Is 16 a factor of 1392?
True
Is 1128 a multiple of 47?
True
Is 3527 a multiple of 64?
False
Is 11 a factor of 21078?
False
Is 12672 a multiple of 264?
True
Is 7 a factor of 5536?
False
Does 13 divide 49777?
True
Is 18 a factor of 8928?
True
Is 7 a factor of 182?
True
Is 6 a factor of 117?
False
Is 369 a multiple of 12?
False
Is 81 a factor of 569?
False
Is 2 a factor of 69?
False
Does 92 divide 1585?
False
Is 4 a factor of 22172?
True
Is 6612 a multiple of 7?
False
Does 75 divide 3109?
False
Is 2776 a multiple of 6?
False
Is 3 a factor of 5?
False
Is 1116 a multiple of 9?
True
Is 3945 a multiple of 5?
True
Is 22 a factor of 4621?
False
Does 7 divide 8659?
True
Is 5 a factor of 2000?
True
Does 7 divide 23135?
True
Is 11 a factor of 89765?
False
Is 26 a factor of 84?
False
Is 10474 a multiple of 54?
False
Is 170 a factor of 60450?
False
Is 3233 a multiple of 53?
True
Does 22 divide 1937?
False
Does 39 divide 1833?
True
Is 3 a factor of 32?
False
Does 14 divide 4648?
True
Is 1235 a multiple of 13?
True
Is 24 a multiple of 4?
True
Is 8830 a multiple of 7?
False
Does 43 divide 817?
True
Is 4572 a multiple of 36?
True
Is 45066 a multiple of 33?
False
Does 13 divide 153623?
False
Is 2725 a multiple of 109?
True
Does 17 divide 44595?
False
Is 561 a multiple of 51?
True
Is 1192 a multiple of 48?
False
Does 11 divide 4279?
True
Does 10 divide 1930?
True
Is 99188 a multiple of 181?
True
Is 785 a multiple of 10?
False
Does 21 divide 11569?
False
Does 71 divide 1733?
False
Does 102 divide 18972?
True
Does 22 divide 28644?
True
Is 313 a multiple of 9?
False
Is 51678 a multiple of 29?
True
Is 7822 a multiple of 16?
False
Is 36348 a multiple of 39?
True
Is 20321 a multiple of 7?
True
Is 98 a factor of 2940?
True
Does 53 divide 3822?
False
Is 1003 a multiple of 59?
True
Is 306 a multiple of 15?
False
Is 72 a multiple of 10?
False
Is 288 a multiple of 24?
True
Is 48 a factor of 771?
False
Is 2236 a multiple of 52?
True
Is 6800 a multiple of 170?
True
Does 193 divide 42460?
True
Is 1176 a multiple of 6?
True
Is 17 a factor of 374?
True
Is 5348 a multiple of 191?
True
Is 62 a factor of 6944?
True
Does 40 divide 1200?
True
Is 42 a factor of 4958?
False
Is 101 a factor of 1295?
False
Is 2282 a multiple of 22?
False
Is 85304 a multiple of 153?
False
Does 12 divide 3515?
False
Is 21 a factor of 50820?
True
Does 74 divide 16132?
True
Does 4 divide 2169?
False
Does 21 divide 12593?
False
Does 29 divide 29?
True
Is 30529 a multiple of 148?
False
Is 14 a factor of 653?
False
Is 17 a factor of 458?
False
Is 7 a factor of 49?
True
Is 780 a multiple of 20?
True
Is 2062 a multiple of 27?
False
Is 4 a factor of 37923?
False
Is 24787 a multiple of 19?
False
Is 301 a multiple of 13?
False
Does 20 divide 5298?
False
Is 5652 a multiple of 12?
True
Is 5 a factor of 1511?
False
Is 567 a multiple of 21?
True
Is 12 a factor of 252?
True
Is 64243 a multiple of 172?
False
Does 14 divide 619?
False
Is 273 a multiple of 37?
False
Is 3146 a multiple of 36?
False
Is 5778 a multiple of 214?
True
Does 88 divide 6072?
True
Is 3950 a multiple of 50?
True
Does 50 divide 190?
False
Is 33 a factor of 6468?
True
Is 2123 a multiple of 4?
False
Does 38 divide 585?
False
Does 95 divide 2945?
True
Is 11002 a multiple of 121?
False
Does 46 divide 20746?
True
Does 11 divide 2596?
True
Is 12 a factor of 1212?
True
Does 12 divide 3720?
True
Does 2 divide 455?
False
Is 13475 a multiple of 25?
True
Is 1572 a multiple of 18?
False
Is 307 even?
False
Is 107 a multiple of 11?
False
Is 119120 a multiple of 80?
True
Does 10 divide 12764?
False
Is 81 a factor of 183?
False
Is 941 a multiple of 3?
False
Is 30 a factor of 3690?
True
Is 2520 a multiple of 72?
True
Is 16 a multiple of 16?
True
Is 10 a factor of 3966?
False
Does 11 divide 84?
False
Is 123101 a multiple of 184?
False
Does 6 divide 5255?
False
Does 28 divide 18340?
True
Is 102 a factor of 645?
False
Does 86 divide 8944?
True
Is 1007 a multiple of 17?
False
Does 49 divide 331?
False
Is 364 a factor of 62263?
False
Does 9 divide 313?
False
Does 101 divide 10296?
False
Is 2960 a multiple of 74?
True
Does 19 divide 1520?
True
Is 932 a multiple of 39?
False
Is 73206 a multiple of 98?
True
Is 8 a factor of 48?
True
Is 10 a factor of 7530?
True
Is 52 a factor of 2854?
False
Is 1140 a multiple of 10?
True
Is 270 a multiple of 45?
True
Does 13 divide 120854?
False
Does 42 divide 378?
True
Is 77 a factor of 12677?
False
Does 15 divide 1117?
False
Is 128 a factor of 2546?
False
Is 15 a factor of 66570?
True
Does 165 divide 5775?
True
Is 34 a factor of 714?
True
Does 43 divide 3526?
True
Is 14 a factor of 40064?
False
Does 20 divide 7470?
False
Does 5 divide 805?
True
Does 97 divide 2865?
False
Is 30 a factor of 1590?
True
Is 400 a multiple of 25?
True
Does 22 divide 450?
False
Is 138565 a multiple of 259?
True
Is 6 a factor of 33760?
False
Is 30 a factor of 2880?
True
Is 3 a factor of 48?
True
Is 46644 a multiple of 169?
True
Is 119 a factor of 3689?
True
Is 13 a factor of 156?
True
Is 11 a factor of 891?
True
Is 47 a factor of 3056?
False
Is 4115 a multiple of 37?
False
Is 2693 a multiple of 89?
False
Is 2 a factor of 21?
False
Is 16 a factor of 1114?
False
Is 19 a factor of 247?
True
Is 20 a factor of 620?
True
Is 820 a multiple of 4?
True
Does 10 divide 2994?
False
Is 719 a multiple of 15?
False
Is 21 a factor of 131?
False
Is 17 a factor of 4664?
False
Does 21 divide 441?
True
Is 20 a factor of 11760?
True
Is 87 a factor of 37372?
False
Is 219 a multiple of 3?
True
Is 587 a multiple of 5?
False
Does 63 divide 2186?
False
Is 237 a multi